e remainder when 93 is divided by 140/q*36/10.
21
Let m = -16 - -21. Suppose -3*p + m*d - 46 = 134, 122 = -2*p + 4*d. Let c = p - -66. Calculate the remainder when 18 is divided by c.
7
Let r = 119 - 97. Calculate the remainder when 11 + 38 - (-3 + 2) is divided by r.
6
Suppose 0 = -w + 3*w - 6. Suppose -160 = -7*v + w*v. Calculate the remainder when v is divided by 2/(-20) + 1110/(-900)*-9.
7
Suppose 0 = 172*k + 16*k - 2003140. What is the remainder when k is divided by 18?
17
Let q(k) = -7*k**2 - 60*k + 6. Calculate the remainder when 491 is divided by q(-8).
35
Let y = 204 - 199. Suppose 150 = y*l + 10*l. Let q(z) = -z**2 - 8*z - 6. What is the remainder when l is divided by q(-6)?
4
Suppose -q + 8 = 3. Calculate the remainder when 8/(-16)*(-11 - 207) is divided by q.
4
Let f(u) = -14*u - 4. Let v be f(-5). Let h = 97 - v. Calculate the remainder when 117 is divided by h.
24
Suppose -3*r + 3*i = -288, -6*r - 3*i - 2*i = -609. Calculate the remainder when 312 is divided by r.
15
Suppose -4*o + 0*o + 4*c = -996, -984 = -4*o + c. Calculate the remainder when o is divided by (1 - 255/(-55))*11.
59
Suppose -5*h + 45 = f, 4*f - 4*h = -35 + 95. Let q(m) = -14*m**3 - m**2 + 10*m + 11. What is the remainder when f is divided by q(-1)?
6
Let s = -13 + 137. Let a = 13 - 19. Calculate the remainder when s is divided by (-63)/(-6)*(a - -8).
19
Suppose k + 3917 = 1339*a - 1336*a, -k + 1 = 0. What is the remainder when a is divided by 641?
24
Let t = -133 + 122. Let y(x) = -25*x + 41. Let c be y(t). Suppose 792 - c = 7*j. Calculate the remainder when j is divided by 35.
33
Suppose 5*z + m + 0*m = 21, 2*m = 2. Let p(d) = 38 + z - 2*d + d. What is the remainder when p(17) is divided by 13?
12
Let m(n) be the first derivative of 18 - 1/4*n**4 - 8/3*n**3 - 4*n**2 + 4*n. Calculate the remainder when m(-7) is divided by 2.
1
Suppose -160*m + 1735 + 25 = 0. Suppose 113 = 4*y - t + 4*t, -133 = -4*y + t. What is the remainder when y is divided by m?
10
Let w = 1041 - 708. Let a = 490 - w. Let c(h) = 3*h + 1. Calculate the remainder when a is divided by c(5).
13
Let a = 702 + -644. Let x = 474 + -440. What is the remainder when a is divided by x?
24
Let q = -1419 - -1567. What is the remainder when q is divided by 24?
4
Let f(l) = 4*l**2 + 6*l - 31. Let h be f(-5). Suppose g - p = -2*g + h, 2*p = 4*g - 54. Calculate the remainder when 45 is divided by g.
9
Let g be (20/(-8))/(3/(-126)). Suppose 2*d = 5*y + 23, -5*y + 29 = 34. Suppose 0 = -d*u + g + 309. Calculate the remainder when u is divided by 16.
14
Let i = -326 + 326. What is the remainder when 82 is divided by -4 - (i - 4) - -12?
10
Calculate the remainder when 351 is divided by ((-9)/(180/(-512)))/(4/10).
31
Let s = 413 + -266. Let m = s + -122. Calculate the remainder when m is divided by 14.
11
Suppose -3*j = -3, -5*y - 3*j + 2*j + 231 = 0. Suppose 3*f - 579 = 21. Suppose 140*q - f = 132*q. Calculate the remainder when y is divided by q.
21
Let k(d) = -d**3 + 8*d**2 + 28*d - 137. Calculate the remainder when 2777 is divided by k(8).
80
Let c(q) = -q**3 - 8*q**2 + 3. Let n = -206 + 210. What is the remainder when (n/(-6))/(2/(-42)) is divided by c(-8)?
2
Suppose 54360 = 657*q - 647*q. Calculate the remainder when q is divided by 64.
60
Suppose 3*q = 2*k - 5, -2 - 20 = 5*k + 4*q. Calculate the remainder when (-11 + 3 + 11)/(k/(-86)) is divided by 13.
12
Let f = -1 - -2. Let h(c) = 8*c + 1. Let r(m) = m**3 + 16*m**2 + 50*m - 13. What is the remainder when r(-11) is divided by h(f)?
6
Let z = 4128 - 3784. What is the remainder when z is divided by 105?
29
Let u = -2581 - -3080. Calculate the remainder when u is divided by 27.
13
Let j be 1/(-7)*-2 + (-2)/7. Suppose 4*t - 3*t + f - 32 = 0, 4*t - 3*f - 149 = j. Let h(d) = d**2 - 3*d - 2. Calculate the remainder when h(-7) is divided by t.
33
Suppose 0 = -3*z - 0 + 6, -3*h + 2*z - 136 = 0. Let o = -49 - h. Let p = -2 - o. Calculate the remainder when 3 is divided by p.
0
Let l(h) = -2*h - 4*h - h**3 - 128 - 27*h + 280 + 29*h**2. Calculate the remainder when 30 is divided by l(28).
6
Let k = -52 - -108. Let s(m) = -2*m - 12. What is the remainder when k is divided by s(-12)?
8
Suppose 933*h + 305292 = 990*h. Calculate the remainder when h is divided by 114.
112
Let t = 10073 - 9339. Calculate the remainder when t is divided by 20.
14
Suppose 0*r + 3*f = 2*r + 11, -2*r + 5*f - 17 = 0. Calculate the remainder when 53 is divided by r/(-4 + (-105)/(-27)).
8
Let u(s) = 3*s**2 + 63*s - 1437. Calculate the remainder when 1640 is divided by u(-36).
176
Let i(x) = 37*x + 2009. What is the remainder when 1101 is divided by i(-52)?
81
Calculate the remainder when 894 is divided by (-11625)/62*(-26)/65.
69
What is the remainder when 289 is divided by 9/(-12) + (2205/10 + -1)/2?
71
Suppose -4*u + 3*n + 1493 = 0, -36*n + 38*n = 3*u - 1121. What is the remainder when u is divided by 32?
25
Suppose 5*x = -5*n + 2915, -8*x + 4*x = 8. Suppose n = 6*y + 9*y. Calculate the remainder when 118 is divided by y.
1
Let x(u) be the third derivative of u**6/120 - u**5/60 + 11*u**4/24 + 145*u**3/6 + 2*u**2 + 82*u. What is the remainder when x(0) is divided by 15?
10
Let w = 35620 + -35597. What is the remainder when 535 is divided by w?
6
Let c(n) = 13*n**2 + 15*n + 52. Calculate the remainder when c(2) is divided by (-2 - -6)*(-54)/(-8).
26
Calculate the remainder when 193 is divided by ((-273)/70 + (-2)/(-5))*(-936)/126.
11
Suppose 0 = x - 10*w - 137, x = -260*w + 255*w + 77. Calculate the remainder when x is divided by -1*9*(2 - 3).
7
Calculate the remainder when 10 + ((8 - 17)/1 - -260) is divided by 218.
43
Suppose 4*n = 5*z - 598, -6*n = -3*z - 7*n + 369. Suppose z = 3*h - 2*t, -25*t + 26*t = -4. Calculate the remainder when 223 is divided by h.
33
Let l be 12/2*9/6. Calculate the remainder when 274 is divided by ((-192)/l + 6)/(2/(-3)).
21
Suppose 120 = q + r, 5*q - 312 - 292 = -r. Let t(u) = 52 - u**2 - 31*u + 2*u**2 - 2*u**2 + 3 + 42. What is the remainder when q is divided by t(-33)?
28
Let o be 2*(6 - 1 - 3). Suppose -6 = b - 2*j - 65, 0 = -o*j. Calculate the remainder when b is divided by 15.
14
Let y(p) = 2*p**3 + 3*p**2 - 2*p + 8. Let w(t) = -7*t**3 - 11*t**2 + 7*t - 31. Let k(u) = -6*w(u) - 22*y(u). What is the remainder when k(-3) is divided by 30?
28
Let s(a) = -a**2 - 15*a + 3. Let b be (10/(-15)*-81)/(9/6). Suppose 3*k = -4*o + 18, -3*o + 5*o + b = 3*k. Calculate the remainder when s(-11) is divided by k.
7
Let f be -658*(5 + (-2)/(1 - 3)). Let c = 1988 + f. What is the remainder when c/(-18) + ((-35)/63)/(-5) is divided by 28?
25
Calculate the remainder when (5898/4)/(((-300)/20)/(-30)) is divided by 72.
69
Let r be 0*(-6 - (-15)/3). Suppose r = -j + 1, 3*j - 932 - 56 = 5*p. Let q = -46 - p. Calculate the remainder when q is divided by 51.
49
What is the remainder when (28/(-70) - (3128/5 + 3))*-3 is divided by 30?
27
Suppose -12 = 4*h - 7*h, -4*k - 2*h = -256. Let o = k - 36. Suppose -26*u - o = -28*u. What is the remainder when u is divided by 4?
1
Suppose -4*o + 714 = -5*h, -5*h - o - 260 = 474. Let l = 114 + h. What is the remainder when 193 is divided by (0 - -7)/((-16)/l)?
11
Suppose 4*h + 70*f = 66*f + 1336, 2*h - 636 = 2*f. Calculate the remainder when h is divided by 137.
52
Calculate the remainder when 718 is divided by 825/6 - (10 - (-162)/(-12)).
13
Let r(t) = -2*t**3 - 6*t**2 - t + 2. Suppose 27*q - 26*q = 2*o + 39, 4*o + 24 = 0. Calculate the remainder when r(-5) is divided by q.
26
Calculate the remainder when (-4)/(-6) - (-1780)/30 is divided by -5 - -1 - (6 + -18 - 0).
4
Suppose -283*s - 38*s + 156578 = -3294493. Calculate the remainder when s is divided by 8.
7
Let y = -85 - -92. Calculate the remainder when ((-1916)/(-28) - 3)/((-38)/(-133)) is divided by y.
5
What is the remainder when -3 + 4186 + -7 + -7 is divided by 10?
9
Let s(b) = 93*b - 1794. Calculate the remainder when 345 is divided by s(23).
0
Let q = -317523 + 317567. Calculate the remainder when (-1)/(2/2) + 349 is divided by q.
40
Let n(s) = 3*s**3 - 17*s**2 - 3*s - 49. Let r(f) = 2*f**3 - 8*f**2 - 2*f - 25. Let y(w) = -3*n(w) + 5*r(w). What is the remainder when y(-11) is divided by 4?
1
Suppose u = -5*q + 7754, 0 = -3*q + 9*u - 11*u + 4651. Calculate the remainder when 3115 is divi